ate the remainder when 3730 is divided by 23.
4
Calculate the remainder when 108278 is divided by 98.
86
What is the remainder when 1031 is divided by 329?
44
Calculate the remainder when 520190 is divided by 256.
254
What is the remainder when 65194 is divided by 13038?
4
What is the remainder when 61904 is divided by 21?
17
What is the remainder when 41030 is divided by 7?
3
What is the remainder when 2216 is divided by 1156?
1060
Calculate the remainder when 644514 is divided by 219.
216
Calculate the remainder when 29475 is divided by 220.
215
What is the remainder when 4267 is divided by 248?
51
Calculate the remainder when 6184 is divided by 122.
84
What is the remainder when 2660 is divided by 144?
68
What is the remainder when 4025 is divided by 17?
13
What is the remainder when 157094 is divided by 146?
144
Calculate the remainder when 8039 is divided by 150.
89
Calculate the remainder when 105838 is divided by 6614.
14
Calculate the remainder when 12676 is divided by 75.
1
What is the remainder when 22888 is divided by 45?
28
What is the remainder when 706 is divided by 706?
0
Calculate the remainder when 4065 is divided by 1043.
936
What is the remainder when 108066 is divided by 13?
10
Calculate the remainder when 1332 is divided by 152.
116
What is the remainder when 5367 is divided by 11?
10
What is the remainder when 123155 is divided by 132?
131
What is the remainder when 7732 is divided by 3677?
378
Calculate the remainder when 16076 is divided by 209.
192
Calculate the remainder when 574648 is divided by 1277.
1275
What is the remainder when 722670 is divided by 120445?
0
What is the remainder when 816335 is divided by 17?
12
Calculate the remainder when 131871 is divided by 208.
207
What is the remainder when 51654 is divided by 158?
146
Calculate the remainder when 164 is divided by 87.
77
Calculate the remainder when 479 is divided by 8.
7
Calculate the remainder when 8333 is divided by 34.
3
Calculate the remainder when 1693 is divided by 924.
769
What is the remainder when 24553 is divided by 491?
3
Calculate the remainder when 1771 is divided by 102.
37
What is the remainder when 49945 is divided by 333?
328
Calculate the remainder when 575918 is divided by 287950.
18
What is the remainder when 35695 is divided by 28?
23
What is the remainder when 11257 is divided by 24?
1
Calculate the remainder when 6719 is divided by 290.
49
Calculate the remainder when 9338 is divided by 9296.
42
What is the remainder when 6043 is divided by 295?
143
Calculate the remainder when 1573 is divided by 228.
205
Calculate the remainder when 365725 is divided by 1838.
1801
Calculate the remainder when 14833 is divided by 433.
111
What is the remainder when 22574 is divided by 376?
14
What is the remainder when 5786 is divided by 2892?
2
What is the remainder when 244 is divided by 117?
10
What is the remainder when 638022 is divided by 543?
540
What is the remainder when 6573 is divided by 3268?
37
What is the remainder when 8490 is divided by 236?
230
What is the remainder when 7045 is divided by 45?
25
Calculate the remainder when 71989 is divided by 14388.
49
Calculate the remainder when 20098 is divided by 75.
73
What is the remainder when 49893 is divided by 136?
117
What is the remainder when 3354 is divided by 180?
114
What is the remainder when 303351 is divided by 120?
111
What is the remainder when 2562 is divided by 440?
362
What is the remainder when 51067 is divided by 672?
667
What is the remainder when 270284 is divided by 33?
14
Calculate the remainder when 86226 is divided by 28736.
18
What is the remainder when 89853 is divided by 27?
24
Calculate the remainder when 5130 is divided by 5.
0
What is the remainder when 5669 is divided by 1062?
359
What is the remainder when 229 is divided by 181?
48
Calculate the remainder when 502364 is divided by 96.
92
Calculate the remainder when 22800 is divided by 50.
0
What is the remainder when 4977717 is divided by 66?
63
What is the remainder when 35777 is divided by 52?
1
Calculate the remainder when 9627 is divided by 1404.
1203
Calculate the remainder when 2267 is divided by 24.
11
What is the remainder when 29367 is divided by 291?
267
Calculate the remainder when 1109856 is divided by 94.
92
What is the remainder when 7852 is divided by 7848?
4
What is the remainder when 1445181 is divided by 263?
259
Calculate the remainder when 4961 is divided by 754.
437
What is the remainder when 468 is divided by 426?
42
What is the remainder when 13059 is divided by 218?
197
Calculate the remainder when 1059671 is divided by 597.
593
Calculate the remainder when 5340 is divided by 2622.
96
What is the remainder when 381520 is divided by 751?
12
Calculate the remainder when 336864 is divided by 53.
49
What is the remainder when 18856 is divided by 10?
6
What is the remainder when 6513 is divided by 261?
249
Calculate the remainder when 38951 is divided by 259.
101
Calculate the remainder when 188764 is divided by 97.
2
Calculate the remainder when 24076 is divided by 90.
46
What is the remainder when 33420 is divided by 95?
75
Calculate the remainder when 41187 is divided by 542.
537
What is the remainder when 676416 is divided by 10?
6
Calculate the remainder when 251868 is divided by 13.
6
Calculate the remainder when 17257 is divided by 222.
163
What is the remainder when 86685 is divided by 133?
102
Calculate the remainder when 35146 is divided by 391.
347
Calculate the remainder when 9714 is divided by 123.
120
Calculate the remainder when 22377 is divided by 7454.
15
What is the remainder when 12934 is divided by 435?
319
Calculate the remainder when 108377 is divided by 4335.
2
What is the remainder when 824302 is divided by 624?
622
Calculate the remainder when 39923 is divided by 1628.
851
Calculate the remainder when 10417 is divided by 417.
409
Calculate the remainder when 38672 is divided by 425.
422
What is the remainder when 200126 is divided by 333?
326
Calculate the remainder when 518 is divided by 46.
12
Calculate the remainder when 37807 is divided by 4718.
63
What is the remainder when 2282 is divided by 155?
112
What is the remainder when 33378 is divided by 373?
181
Calculate the remainder when 558666 is divided by 70.
66
Calculate the remainder when 6212 is divided by 38.
18
What is the remainder when 7860 is divided by 2598?
66
What is the remainder when 4680 is divided by 133?
25
Calculate the remainder when 4146 is divided by 204.
66
Calculate the remainder when 4502 is divided by 1092.
134
What is the remainder when 120 is divided by 57?
6
What is the remainder when 36134 is divided by 341?
329
What is the remainder when 19939 is divided by 19921?
18
Calculate the remainder when 646908 is divided by 24.
12
Calculate the remainder when 2666 is divided by 1330.
6
Calculate the remainder when 11362 is divided by 2838.
10
Calculate the remainder when 2664 is divided by 1325.
14
What is the remainder when 2207 is divided by 33?
29
What is the remainder when 157522 is divided by 6?
4
What is the remainder when 20512 is divided by 26?
24
What is the remainder when 99346 is divided by 9930?
46
Calculate the remainder when 9801 is divided by 53.
49
Calculate the remainder when 13752 is divided by 158.
6
Calculate the remainder when 1431802 is divided by 74.
50
What is the remainder when 195850 is divided by 16320?
10
Calculate the remainder when 162047 is divided by 24.
23
Calculate the remainder when 8370 is divided by 2419.
1113
What is the remainder when 67570 is divided by 588?
538
Calculate the remainder when 12308 is divided by 121.
87
What is the remainder when 49101 is divided by 34?
5
Calculate the remainder when 74344 is divided by 25.
19
What is the remainder when 12297 is divided by 241?
6
Calculate the remainder when 370085 is divided by 1523.
1519
Calculate the remainder when 2711 is divided by 185.
121
What is the remainder when 13938 is divided by 44?
34
What is the remainder when 18622 is divided by 196?
2
Calculate the remainder when 11076 is divided by 188.
172
Calculate the remainder when 1274 is divided by 54.
32
What is the remainder when 59065 is divided by 19?
13
What is the remainder when 70629 is divided by 35314?
1
Calculate the remainder w